3.
13
What is the highest common divisor of 432 and 153?
9
Calculate the greatest common divisor of 747 and 711.
9
What is the highest common divisor of 112678 and 53?
53
What is the highest common factor of 8 and 316?
4
Calculate the highest common factor of 16 and 816.
16
What is the highest common divisor of 121 and 253?
11
What is the greatest common factor of 216 and 132?
12
Calculate the highest common factor of 342 and 27588.
114
Calculate the highest common factor of 56 and 40.
8
What is the highest common factor of 5 and 405?
5
What is the greatest common divisor of 18 and 1962?
18
What is the highest common factor of 68 and 2414?
34
Calculate the greatest common factor of 558 and 54.
18
Calculate the highest common divisor of 21 and 175.
7
Calculate the highest common factor of 112 and 238.
14
Calculate the highest common factor of 50 and 3350.
50
Calculate the greatest common factor of 8 and 244.
4
Calculate the greatest common divisor of 623 and 21.
7
Calculate the highest common divisor of 175 and 27475.
175
What is the highest common divisor of 86 and 1548?
86
Calculate the greatest common divisor of 935 and 187.
187
What is the highest common factor of 14 and 26?
2
What is the highest common divisor of 1702 and 222?
74
Calculate the greatest common divisor of 50 and 225.
25
What is the greatest common factor of 60 and 80?
20
What is the greatest common divisor of 338 and 234?
26
What is the greatest common divisor of 1917 and 284?
71
What is the greatest common factor of 299 and 23?
23
What is the highest common factor of 144 and 2601?
9
Calculate the greatest common factor of 407 and 148.
37
Calculate the highest common factor of 112 and 18116.
28
Calculate the highest common factor of 742 and 14.
14
What is the greatest common factor of 24 and 138?
6
What is the greatest common factor of 1728 and 64?
64
What is the highest common divisor of 51 and 6868?
17
Calculate the highest common factor of 13 and 42757.
13
Calculate the greatest common factor of 48 and 29264.
16
What is the highest common factor of 146 and 32?
2
Calculate the highest common divisor of 3054 and 138.
6
Calculate the highest common factor of 18 and 342.
18
What is the greatest common divisor of 440 and 70?
10
What is the greatest common divisor of 205 and 164?
41
Calculate the highest common factor of 28 and 742.
14
Calculate the highest common divisor of 91 and 35.
7
Calculate the highest common divisor of 30 and 1500.
30
What is the greatest common factor of 350 and 30?
10
What is the highest common factor of 39 and 351?
39
What is the greatest common divisor of 455 and 140?
35
What is the greatest common divisor of 712 and 8?
8
Calculate the highest common divisor of 2079 and 99.
99
What is the greatest common factor of 54 and 8154?
54
Calculate the greatest common factor of 1178 and 62.
62
Calculate the highest common divisor of 325 and 52.
13
Calculate the highest common factor of 133 and 28.
7
What is the highest common factor of 11445 and 15?
15
Calculate the greatest common divisor of 8 and 1864.
8
Calculate the greatest common factor of 7 and 6615.
7
What is the highest common divisor of 1225 and 70?
35
What is the greatest common divisor of 120 and 168?
24
What is the greatest common factor of 222 and 962?
74
What is the greatest common divisor of 40 and 92?
4
What is the highest common divisor of 528 and 32?
16
What is the greatest common divisor of 4 and 40868?
4
Calculate the highest common divisor of 17 and 2159.
17
What is the greatest common factor of 588 and 252?
84
What is the highest common factor of 157 and 62957?
157
Calculate the highest common factor of 2025 and 50.
25
Calculate the highest common factor of 3440 and 360.
40
Calculate the highest common divisor of 112 and 144.
16
Calculate the greatest common factor of 110 and 80.
10
Calculate the highest common divisor of 552 and 492.
12
Calculate the highest common divisor of 6656 and 104.
104
Calculate the highest common divisor of 67 and 603.
67
Calculate the highest common factor of 355 and 5.
5
What is the greatest common divisor of 12740 and 195?
65
Calculate the highest common factor of 207 and 9.
9
Calculate the greatest common factor of 1550 and 1426.
62
What is the highest common divisor of 4 and 92?
4
Calculate the greatest common divisor of 70 and 190.
10
Calculate the highest common divisor of 2016 and 63.
63
Calculate the greatest common factor of 71 and 497.
71
What is the highest common divisor of 12 and 7284?
12
What is the highest common factor of 156 and 60?
12
Calculate the greatest common divisor of 64 and 272.
16
Calculate the greatest common factor of 60 and 630.
30
What is the highest common factor of 24 and 5496?
24
What is the highest common factor of 6900 and 92?
92
What is the greatest common divisor of 660 and 40?
20
What is the greatest common divisor of 40 and 140?
20
Calculate the highest common factor of 9477 and 273.
39
Calculate the greatest common divisor of 32 and 40.
8
What is the highest common factor of 276 and 9039?
69
What is the greatest common divisor of 2352 and 240?
48
Calculate the highest common divisor of 28 and 742.
14
Calculate the highest common factor of 5 and 745.
5
Calculate the highest common factor of 54 and 90.
18
What is the highest common factor of 10 and 410?
10
Calculate the highest common divisor of 545 and 65.
5
What is the highest common factor of 18 and 558?
18
What is the greatest common factor of 1150 and 1334?
46
What is the highest common factor of 1596 and 20292?
228
What is the greatest common factor of 540 and 100?
20
What is the highest common factor of 752 and 94?
94
Calculate the highest common factor of 2948 and 440.
44
What is the highest common divisor of 2 and 106?
2
What is the highest common divisor of 1 and 15?
1
Calculate the highest common factor of 1540 and 18865.
385
What is the highest common divisor of 34 and 3349?
17
What is the greatest common divisor of 346 and 6?
2
Calculate the greatest common divisor of 484 and 1089.
121
What is the greatest common divisor of 1035 and 920?
115
Calculate the greatest common factor of 60 and 480.
60
What is the highest common divisor of 1353 and 264?
33
Calculate the highest common divisor of 377 and 130.
13
Calculate the highest common divisor of 80 and 40.
40
Calculate the greatest common divisor of 759 and 451.
11
Calculate the highest common divisor of 21966 and 84.
42
Calculate the greatest common divisor of 72 and 9.
9
Calculate the highest common factor of 5 and 160.
5
Calculate the greatest common divisor of 156 and 12636.
156
What is the highest common divisor of 18 and 210?
6
Calculate the greatest common divisor of 384 and 24.
24
What is the greatest common divisor of 168 and 112?
56
What is the greatest common divisor of 17 and 221?
17
What is the highest common divisor of 2533 and 298?
149
What is the greatest common factor of 1922 and 372?
62
What is the highest common divisor of 20 and 620?
20
Calculate the greatest common divisor of 3675 and 120.
15
Calculate the highest common factor of 657 and 9.
9
Calculate the highest common factor of 10854 and 1782.
162
What is the greatest common factor of 160 and 5?
5
What is the highest common divisor of 1854 and 515?
103
What is the highest common factor of 740 and 50?
10
What is the greatest common divisor of 10896 and 30?
6
What is the greatest common divisor of 3053 and 172?
43
Calculate the highest common factor of 342 and 76.
38
What is the highest common divisor of 44 and 1?
1
What is the highest common factor of 192 and 204?
12
Calculate the highest common factor of 1562 and 994.
142
Calculate the greatest common factor of 63 and 207.
9
What is the greatest common factor of 50 and 20?
10
What is the highest common divisor of 18 and 1215?
9
What is the greatest common divisor of 128 and 640?
128
Calculate the highest common divisor of 54 and 27.
27
Calculate the greatest common divisor of 47360 and 370.
370
Calculate the highest common factor of 342 and 126.
18
What is the greatest common factor of 15 and 75?
15
What is the highest common factor of 233 and 6757?
233
Calculate the greatest common divisor of 4790 and 10.
10
Calculate the greatest common divisor of 580 and 80.
20
Calculate the g